{"id":37,"date":"2020-06-14T17:09:49","date_gmt":"2020-06-14T17:09:49","guid":{"rendered":"https:\/\/timontour.ch\/?page_id=37"},"modified":"2020-07-17T11:08:01","modified_gmt":"2020-07-17T11:08:01","slug":"unser-projekt","status":"publish","type":"page","link":"https:\/\/timontour.ch\/?page_id=37","title":{"rendered":"Unser Projekt"},"content":{"rendered":"\n<p>Auf der Suche nach einem tollen und mit drei Monaten l\u00e4ngeren als f\u00fcr uns gewohnten Projekt, wurde die Idee geboren, den Iron Curtain Trail von Nordnorwegen \u2013 so weit wie es die Zeit erlaubt \u2013 in s\u00fcdlicher Richtung zu be- und erfahren. Die Geschichte der ehemaligen Ost-West-Grenze sollte uns ab Juli 2020 durch L\u00e4nder wie Norwegen, Finnland, Russland, die baltischen Staaten und andere f\u00fchren. Doch dann kam alles anders\u2026 Die Grenzen sind geschlossen, Reisewarnungen werden publiziert und viele unserer Bekannten fragen uns, ob es noch m\u00f6glich gewesen sei, die Antr\u00e4ge auf unbezahlten Urlaub zur\u00fcckzuziehen.<br>Die Entt\u00e4uschung war da, doch der Gedanke auf die Reise zu verzichten, blieb uns fern. So beschlossen wir, uns nicht \u00fcber die Einschr\u00e4nkungen zu \u00e4rgern, sondern uns \u00fcber jede neu dazukommende Freiheit zu freuen. Jede Grenze, die ge\u00f6ffnet wird und die an unserem Weg liegt, soll eine neue Chance sein, etwas zu erleben.<br>Unser urspr\u00fcngliches Startland Norwegen wird seine Grenzen f\u00fcr Schweizer*innen voraussichtlich am 20. August \u00f6ffnen. So werden wir \u2013 kurzfristig neu gewonnener Freiheiten, die uns doch noch einen Start im Norden erm\u00f6glichen vorbehalten \u2013 am 5. Juli im Emmental starten und Richtung Engadin fahren, um die erste (offene!) Grenze nach \u00d6sterreich zu passieren. Wenn wir einige Tage sp\u00e4ter in M\u00fcnchen die Schwester von Martin treffen d\u00fcrfen (auch eine neu gewonnene Freiheit \u2013 war doch die Familie w\u00e4hrend der Corona-Zeit durch die Landesgrenze ziemlich strikte getrennt\u2026), werden wir schon einiges erreicht und erlebt haben. Weiter wird es wohl nordw\u00e4rts gehen. Wenn die Grenze nach Tschechien \u00f6ffnet, vielleicht \u00fcber Prag, sonst durch den ehemaligen Osten Deutschlands. An der Ostsee angekommen (in Norddeutschland? In Polen? In D\u00e4nemark?) werden wir entscheiden d\u00fcrfen, ob wir \u00abrechts\u00bb oder \u00ablinks\u00bb fahren (oder gerade aus? Vielleicht nimmt uns ja eine F\u00e4hre mit?). Wenn wir uns irgendeinmal von einer skandinavischen M\u00fccke stechen lassen d\u00fcrfen, werden wir uns schon einmal (aber nur einmal) sehr freuen! Wer weiss, vielleicht stellen wir tats\u00e4chlich unser Zelt oberhalb des Polarkreises oder sogar in der N\u00e4he des Nordkaps auf? Vielleicht bleibt es aber auch bei den (nach Aussagen von veloreisenden Freunden (g\u00e4u Martina) wundersch\u00f6nen) Ostseestr\u00e4nden der baltischen Staaten? Wir wissen es nicht und freuen uns dar\u00fcber, es nicht zu wissen!<br>All diese Fragezeichen sollen f\u00fcr unser Projekt keine Einschr\u00e4nkung sein, sondern ein zus\u00e4tzlicher Gewinn. Eine Chance, sich \u00fcber alles zu freuen, was m\u00f6glich ist!<\/p>\n\n\n\n<figure class=\"wp-block-image size-large\"><img loading=\"lazy\" decoding=\"async\" width=\"781\" height=\"601\" src=\"https:\/\/timontour.ch\/wp-content\/uploads\/2020\/06\/grafik.png\" alt=\"\" class=\"wp-image-38\" srcset=\"https:\/\/timontour.ch\/wp-content\/uploads\/2020\/06\/grafik.png 781w, https:\/\/timontour.ch\/wp-content\/uploads\/2020\/06\/grafik-300x231.png 300w, https:\/\/timontour.ch\/wp-content\/uploads\/2020\/06\/grafik-768x591.png 768w\" sizes=\"auto, (max-width: 781px) 100vw, 781px\" \/><figcaption>Der erste Teil der Tour k\u00f6nnte in etwa so aussehen&#8230;<\/figcaption><\/figure>\n\n\n\n<p>Alles planbare erstellen wir \u00fcber komoot. Unter dem Folgenden Link finden sich die Strecken-Details f\u00fcr den Teil bis Prag:<\/p>\n\n\n\n<p><a href=\"https:\/\/www.komoot.de\/collection\/958099\/-von-zuhause-bis-prag?ref=wcl\">https:\/\/www.komoot.de\/collection\/958099\/-von-zuhause-bis-prag?ref=wcl<\/a><\/p>\n","protected":false},"excerpt":{"rendered":"<p>Auf der Suche nach einem tollen und mit drei Monaten l\u00e4ngeren als f\u00fcr uns gewohnten Projekt, wurde die Idee geboren, den Iron Curtain Trail von Nordnorwegen \u2013 so weit wie es die Zeit erlaubt \u2013 in s\u00fcdlicher Richtung zu be- und erfahren. Die Geschichte der ehemaligen Ost-West-Grenze sollte uns ab Juli 2020 durch L\u00e4nder wie [&hellip;]<\/p>\n","protected":false},"author":1,"featured_media":0,"parent":2,"menu_order":2,"comment_status":"closed","ping_status":"closed","template":"","meta":{"footnotes":""},"class_list":["post-37","page","type-page","status-publish","hentry"],"jetpack_sharing_enabled":true,"_links":{"self":[{"href":"https:\/\/timontour.ch\/index.php?rest_route=\/wp\/v2\/pages\/37","targetHints":{"allow":["GET"]}}],"collection":[{"href":"https:\/\/timontour.ch\/index.php?rest_route=\/wp\/v2\/pages"}],"about":[{"href":"https:\/\/timontour.ch\/index.php?rest_route=\/wp\/v2\/types\/page"}],"author":[{"embeddable":true,"href":"https:\/\/timontour.ch\/index.php?rest_route=\/wp\/v2\/users\/1"}],"replies":[{"embeddable":true,"href":"https:\/\/timontour.ch\/index.php?rest_route=%2Fwp%2Fv2%2Fcomments&post=37"}],"version-history":[{"count":2,"href":"https:\/\/timontour.ch\/index.php?rest_route=\/wp\/v2\/pages\/37\/revisions"}],"predecessor-version":[{"id":80,"href":"https:\/\/timontour.ch\/index.php?rest_route=\/wp\/v2\/pages\/37\/revisions\/80"}],"up":[{"embeddable":true,"href":"https:\/\/timontour.ch\/index.php?rest_route=\/wp\/v2\/pages\/2"}],"wp:attachment":[{"href":"https:\/\/timontour.ch\/index.php?rest_route=%2Fwp%2Fv2%2Fmedia&parent=37"}],"curies":[{"name":"wp","href":"https:\/\/api.w.org\/{rel}","templated":true}]}}